9624641 composite?
False
Is 6173655911 a composite number?
False
Is 51339361757 composite?
False
Is 2138513119 a prime number?
False
Is 4240203335 composite?
True
Is 274223041 a composite number?
False
Is 4055737031 a composite number?
True
Is 32288254529 a composite number?
False
Is 92307737 a prime number?
False
Is 1563662341 prime?
True
Is 617974913 prime?
True
Is 106168350173 composite?
True
Is 3117131617 composite?
True
Is 9192206533 prime?
False
Is 14191083457 prime?
True
Is 349438685 a prime number?
False
Is 24077643 a prime number?
False
Is 10567171963 a prime number?
False
Is 7380710329 prime?
False
Is 9197285309 composite?
True
Is 66335677657 a composite number?
True
Is 39204339281 a composite number?
False
Is 134954202923 composite?
False
Is 263557781 a composite number?
True
Is 10553513849 a prime number?
True
Is 232193929 a composite number?
True
Is 3964020703 prime?
False
Is 11028494431 a prime number?
True
Is 455049137 a prime number?
False
Is 204041443 a composite number?
True
Is 356562541 prime?
False
Is 126463489 composite?
False
Is 2710147283 a prime number?
False
Is 4123108247 composite?
False
Is 1592438137 composite?
True
Is 4086021673 composite?
True
Is 87832411 prime?
False
Is 9846089569 prime?
True
Is 1354036759 a prime number?
True
Is 8987489353 a composite number?
False
Is 26266089403 composite?
False
Is 243117753 a prime number?
False
Is 27610683521 prime?
True
Is 191647427 prime?
True
Is 1075293851 a prime number?
False
Is 13794675703 a composite number?
True
Is 1636222673 a prime number?
True
Is 401479877 a prime number?
True
Is 139985201 prime?
True
Is 630052603 prime?
True
Is 225290921 a prime number?
False
Is 1942482621 prime?
False
Is 470630351 a prime number?
False
Is 1480533211 a composite number?
False
Is 317409997 a composite number?
False
Is 2595381527 composite?
False
Is 50112795221 a prime number?
True
Is 64770273749 a prime number?
True
Is 24229205326 prime?
False
Is 2802655871 prime?
True
Is 919675949 a composite number?
False
Is 24343705343 prime?
False
Is 292017119 prime?
True
Is 1155095873 prime?
True
Is 755654155 a composite number?
True
Is 4127909053 prime?
True
Is 3445412207 prime?
True
Is 1787697389 a composite number?
True
Is 321400870459 a composite number?
False
Is 18012041 composite?
False
Is 131860111 a composite number?
False
Is 922958978 a composite number?
True
Is 1428463007 prime?
True
Is 12674586227 a prime number?
True
Is 993104663 a prime number?
True
Is 680792359 a composite number?
True
Is 290547643813 prime?
False
Is 96668657 a prime number?
False
Is 393224729 composite?
True
Is 19553136079 prime?
False
Is 190418522479 a prime number?
True
Is 28975722901 a composite number?
False
Is 2484898453 a composite number?
False
Is 3511850231 prime?
False
Is 117217279 prime?
True
Is 981670103 prime?
True
Is 1899496249 prime?
False
Is 13110544399 a prime number?
False
Is 20169040643 composite?
False
Is 265500407 composite?
True
Is 6182819191 composite?
False
Is 1229027323 a composite number?
True
Is 2408698321 composite?
True
Is 22911232585 a prime number?
False
Is 2788518469 composite?
True
Is 457690807 composite?
True
Is 165824353 a composite number?
False
Is 496388911 a prime number?
False
Is 271754970391 prime?
True
Is 6144764759 prime?
False
Is 10102718501 prime?
True
Is 94838702557 a composite number?
True
Is 667785673 a composite number?
True
Is 31820890403 a composite number?
False
Is 11050818419 a prime number?
True
Is 1099615379 a prime number?
True
Is 170581254539 prime?
True
Is 71510941013 a composite number?
True
Is 2431779421 a prime number?
True
Is 23917816133 composite?
False
Is 763874299 a prime number?
True
Is 3291008633 a prime number?
False
Is 21960168791 prime?
False
Is 575800543 a prime number?
True
Is 232833893 composite?
False
Is 140025239 a prime number?
True
Is 517860803 prime?
True
Is 18763289315 composite?
True
Is 27863339509 a prime number?
True
Is 1933542307 prime?
False
Is 50871989807 prime?
False
Is 191850563 a composite number?
True
Is 10024424419 a prime number?
True
Is 385737767 a composite number?
True
Is 23123067427 a composite number?
False
Is 2707771391 prime?
False
Is 591691181 a composite number?
False
Is 52661437 a composite number?
False
Is 16473178991 composite?
True
Is 1393606553 a prime number?
True
Is 3688753307 composite?
True
Is 540659719 a composite number?
False
Is 29943751597 composite?
True
Is 39611777 a composite number?
False
Is 380243016193 prime?
False
Is 117228256297 a composite number?
True
Is 370513956101 composite?
False
Is 1812892609 prime?
False
Is 1320292543 a composite number?
False
Is 17988769087 composite?
False
Is 86508031 composite?
True
Is 605244659 a prime number?
False
Is 151501384829 composite?
False
Is 472339291 prime?
False
Is 3673934101 a composite number?
False
Is 774807469 a prime number?
True
Is 206476759 a prime number?
True
Is 11579035873 a composite number?
True
Is 153104960651 prime?
True
Is 485275031 prime?
True
Is 24925087045 composite?
True
Is 258707392309 a composite number?
True
Is 6286810259 a composite number?
False
Is 1701496499 a composite number?
False
Is 2774973607 a prime number?
False
Is 13564703623 a prime number?
False
Is 185850344807 prime?
True
Is 259731401 a composite number?
False
Is 504459667 composite?
True
Is 2793627077 prime?
False
Is 830450057 a prime number?
False
Is 14781447361 a prime number?
False
Is 866736397 composite?
False
Is 7763501699 a prime number?
True
Is 3496152223 a composite number?
True
Is 64137389 a prime number?
False
Is 24391439 a prime number?
True
Is 372433642697 a composite number?
False
Is 26972773 composite?
False
Is 48686649523 a prime number?
True
Is 27561280163 a prime number?
False
Is 51687728581 composite?
True
Is 4413068111 prime?
False
Is 4566125503 composite?
True
Is 81030239 a composite number?
True
Is 3434397271 a prime number?
True
Is 4210097 a composite number?
True
Is 1628053937 prime?
True
Is 678495751 prime?
False
Is 401941373 prime?
True
Is 8105010161 composite?
True
Is 1477977551 a prime number?
True
Is 85000134977 a composite number?
True
Is 358960209 composite?
True
Is 50988073171 a prime number?
False
Is 1411563467 composite?
False
Is 12912145717 composite?
True
Is 151265459 a composite number?
False
Is 2202137681 composite?
True
Is 13903274321 prime?
True
Is 21210359897 prime?
True
Is 24480952423 a prime number?
False
Is 134489551481 composite?
True
Is 35849785157 composite?
False
Is 3179734237 composite?
False
Is 8776095983 a composite number?
False
Is 324013577 prime?
True
Is 40437018373 composite?
False
Is 39945820591 a prime number?
True
Is 38825710745 composite?
True
Is 104336680121 prime?
False
Is 153668329 a composite number?
True
Is 12001160791 composite?
False
Is 2576212591 a composite number?
False
Is 3373543003 composite?
False
Is 4212248107 a composite number?
True
Is 635446299 prime?
False
Is 70901688341 a composite number?
True
Is 63564136819 a composite number?
True
Is 9913728887 prime?
True
Is 1756744903 a prime number?
False
Is 17832848927 prime?
True
Is 3027186881 composite?
False
Is 73043552531 a composite number?
False
Is 2931040191 a prime number?
False
Is 3891032191 composite?
False
Is 1048153949 a prime number?
False
Is 1763555111 composite?
True
Is 8979116963 composite?
True
Is 2165360321 a composite number?
True
Is 2288220047 prime?
True
Is 674626019 a prime number?
False
Is 1538174483 a composite number?
False
Is 248676349 prime?
False
Is 1349795267 a prime number?
True
Is 3126630239 a prime number?
False
Is 1565428966 a prime number?
False
Is 37093633237 composite?
True
Is 1992999193 a composite number?
True
Is 84580169 prime?
True
Is 3381135199 prime?
False
Is 8407267847 prime?
False
Is 30099399679 composite?
False
Is 86888604791 a prime number?
False
Is 3230986037 a prime number?
True
Is 7059183637 a prime number?
False
Is 5224533611 prime?
False
Is 17579060209 a composite number?
False
Is 5542748507 a prime number?
True
Is 8462564969 prime?
False
Is 379414947 prime?
False
Is 3981579499 prime?
True
Is 4586817217 a prime number?
False
Is 74790921937 composite?
False
Is 3883314703 composite?
False
Is 9940618795 composite?
True
Is 50873374367 prime?
True
Is 1854276049 prime?
False
Is 2592436423 prime?
False
Is 